greatest common divisor of 13 and z.
13
Let j = 4156 - 3491. What is the greatest common factor of j and 910?
35
Suppose 0 = -4*i + m + 2126, 4*m = 4*i + 8*m - 2116. Suppose -10*u = 111 - i. What is the greatest common divisor of 154 and u?
14
Suppose 6*f + 384 = 38*f. What is the greatest common divisor of 378 and f?
6
Let a(c) = c**2 - 151*c + 9234. Let m be a(0). What is the greatest common divisor of 243 and m?
243
Let p be 117/((-171)/(-19)) + 32. Suppose -2*v = -b - 17, 0*b + 50 = 5*v + 5*b. What is the highest common divisor of v and p?
9
Let q(d) = 3*d**2 - 2*d + 1. Let o be q(-2). Suppose 321 = 4*n - 5*a - 0*a, 4*n - 3*a = 311. Let s = n - -79. What is the greatest common factor of s and o?
17
Suppose -4*i - 4*z + 84 = 0, -8*i - 4*z - 24 = -10*i. What is the greatest common divisor of i and 4?
2
Suppose -6144 = -8*m + 5448. What is the greatest common divisor of 315 and m?
63
Suppose -3*q + 89 = -4*c + 299, 0 = -q - 2. Let p = -792 + 801. Suppose -p*u = -438 + 132. What is the highest common factor of c and u?
17
Suppose -5*a - 15 = 0, -5*v + 36 + 42 = -a. Let q be ((-9)/v + (-296)/(-40))*155. Calculate the highest common divisor of 34 and q.
34
Let q(n) = 14*n**2 - 3*n - 3. Suppose 11*w - 9*w = -162. Let m = -82 - w. Let o be q(m). Calculate the greatest common factor of o and 6.
2
Let b = 93 - 86. Suppose 2*k + 186 = 3*s, 10*k - b*k = -3*s + 171. What is the greatest common factor of s and 210?
30
Suppose 10 = -5*y - 10. Let h(w) = -2*w**3 - 7*w**2 + 6*w + 5. Let s be h(y). Let i be (s - 22/(-10))*(-15)/2. What is the highest common divisor of 66 and i?
6
Suppose -184 = -s + 8. Let g be (12/15)/(6/450). Suppose 11*c + g = 16*c. What is the highest common factor of c and s?
12
Suppose 2*k + 82 - 2 = 0. Let d be (k/100)/(2/(-70)). Suppose -4*s = 5*j - 333 - 176, 121 = s - 5*j. What is the highest common divisor of s and d?
14
Let a(p) = 3*p**2 + 16*p - 9. Let t be a(-6). Suppose y + 2*j - 181 = 0, t*j = 2 + 7. Calculate the highest common factor of y and 50.
25
Suppose 62999*f - 63002*f + 264 = 0. Calculate the greatest common factor of 1397 and f.
11
Let z be 6/4*(6 + 3516/18). Let d = z - 64. What is the greatest common factor of d and 34?
34
Let b be 2493/45 - (24/10 + -2). Let g = b + -52. Suppose -g*f - 80 = -5*f. Calculate the highest common factor of f and 60.
20
Let l = 38 - 21. Let r be (-431)/2 + (-25)/10 + 3. Let f = -130 - r. Calculate the highest common factor of f and l.
17
Let l be 13 - (-2)/6*(-6 + -6). Suppose 48 = 3*b - l. Calculate the highest common factor of 475 and b.
19
Let m be -1*3/(3/(-5)). Suppose 0 = 5*t - 4*z - 51, 0 = t - m*z - 45 + 18. Calculate the highest common factor of t and 21.
7
Let l = -292 + 295. Suppose -l*x = -3*c + 45 - 99, 3*x + 5*c = 86. Calculate the greatest common factor of 66 and x.
22
Let c(x) = 3*x**2 + 16*x + 9. Suppose -3*v + n - 21 = v, -5*v - 5*n - 45 = 0. Let q be c(v). What is the highest common divisor of q and 14?
7
Suppose -27336 - 264150 = -101*c. Calculate the highest common divisor of c and 1554.
222
Let i be (378/(-105) + 2/(-5))*1. Let x be (i + 0 + 0 - -1) + 43. Calculate the greatest common divisor of x and 60.
20
Suppose 3*t - 154 = -3*z + 5*t, 2*z - 102 = t. Suppose -17*d = -12*d - z. Let m be 3*(-9)/162 + (-121)/(-6). What is the greatest common factor of m and d?
10
Suppose 0 = -3*w - 5*i - 0*i + 20, 5*w = -5*i + 40. Let k be (-60)/80*(-9360)/54. What is the highest common divisor of k and w?
10
Suppose 0 = -4*f + 20, -o + 40 = f - 61. Suppose 3*j = 4*c - j - 220, 200 = 3*c + 4*j. What is the highest common divisor of o and c?
12
Let u(f) = -2*f**3 + 2*f**2 + 5*f + 144. Let r be u(0). Suppose -46*q = -4*w - 50*q + r, 5*w = -3*q + 188. What is the greatest common divisor of w and 760?
40
Let j = 12 + 121. Suppose -26*x + 49 = -j. Suppose -84 = -g - 2*g. What is the greatest common factor of g and x?
7
Let u(y) = -55*y - 38 + 100*y - 65*y. Let f be u(-2). What is the highest common factor of 106 and f?
2
Suppose -493*g + 3231 = -134*g. Calculate the greatest common divisor of g and 909.
9
Let v(u) = u**3 + u**2 + u + 768. Let s be v(0). Suppose 3*n - n - s = 0. Let r be n/28 + (-10)/(-35). What is the highest common factor of r and 21?
7
Suppose 744 = 3*t - 573. Suppose 7*j - t = 282. Let f = j - 74. Calculate the highest common divisor of f and 116.
29
Suppose -3*l = -60 - 12. Let g be (-3 - 138/l)*-16. Calculate the highest common divisor of 10 and g.
10
Let j(z) = z**3 + 5*z**2 - 8*z. Let h be j(-6). Let v be (-3)/(-5) + (-42)/30*124. Let q = v + 203. Calculate the highest common factor of q and h.
6
Suppose -16*h = 6787 - 22595. What is the highest common divisor of 13 and h?
13
Let a(v) = -15*v**2 - 7*v + 25. Let p be a(3). Let w = p + 141. Calculate the highest common divisor of 35 and w.
5
Let u = -1570 - -1730. What is the highest common factor of u and 144?
16
Let i(d) = 2*d + 3. Let u be i(0). Suppose -4*c = -71 + u. Suppose 0 = -4*q + 6*q - y - c, -y + 1 = q. Calculate the highest common factor of q and 8.
2
Suppose -5*q = -2*q + 2*s - 14, -5*q + 3*s + 55 = 0. Suppose k = -3*k + q. Let i be 0 - (13 - 5 - 26). Calculate the highest common factor of i and k.
2
Suppose -3 + 1 = -2*q. Let v(s) = s**3 + s**2 + s - 1. Let z be v(q). Suppose 96*m + 6272 = 183*m + 109*m. Calculate the greatest common factor of m and z.
2
Let i = -47 - -33. Let d(h) be the first derivative of -h**2 - 4*h - 1. Let m be d(i). Calculate the greatest common divisor of 16 and m.
8
Let s = 17149 + -6644. Calculate the greatest common factor of 55 and s.
55
Let q(l) = 4*l**2 + 5*l - 2. Let v be q(-4). Suppose -x - 2*j = -272, 3*x - 5*j - 265 = 2*x. Let n = x + -263. What is the highest common factor of n and v?
7
Let j(b) = 5*b + 6. Let p be j(10). Let s be p - -2*(1 - 2). Suppose 219*r = 220*r - 3*t - 9, 0 = -r - t + 33. Calculate the greatest common factor of s and r.
27
Let t = 1127 + -724. Suppose t = a + 353. Calculate the greatest common divisor of a and 80.
10
Let q(a) = -a**3 + 23*a**2 + 18*a - 59. Let l be q(11). What is the highest common factor of l and 74?
37
Let s(q) = 4*q**2 - 9*q + 56. Let k be s(13). Let p = -328 + k. What is the highest common factor of 14 and p?
7
Let h = -1420 - -1428. Suppose 0 = 2*s - 5*z - 63, 4 = -4*z - h. Suppose -4*m + 272 = 80. What is the greatest common factor of m and s?
24
Suppose 7454 = 2*t + 2*g, -3*g - 7449 = 22*t - 24*t. What is the greatest common divisor of 368 and t?
46
Let c = -434 - -440. Suppose 3*f - 25 = -2*f - 5*p, -p = 5*f - 21. Suppose 8*x - f = c*x. Calculate the greatest common factor of x and 2.
2
Suppose 0 = -80*q - 12*q + 2249 + 13851. Suppose -2*o + 270 + 10 = 0. What is the greatest common divisor of o and q?
35
Let k be 51/68 + (-1)/4 - (-38)/4. Calculate the greatest common factor of 2690 and k.
10
Let m = -48 + 27. Let f = 164 - m. What is the greatest common divisor of 74 and f?
37
Let f = 82 + -76. Let z be (f/4)/(33/88). What is the highest common factor of 14 and z?
2
Suppose -258032 = -4*h + 320*u - 318*u, 5*h - 2*u - 322543 = 0. What is the highest common factor of h and 31?
31
Suppose 8*w - 6*w - 14 = 0. Let a be (11/3)/(w/(-21)*-1). Let h be 48*a/(-3)*-1. Calculate the highest common divisor of h and 22.
22
Let a = -59 + 61. Let c(u) = -5*u - u - u - 27 - a. Let t be c(-5). Calculate the greatest common divisor of t and 78.
6
Suppose -l = -5*f - 250, -63 = -l - f + 139. What is the greatest common factor of l and 15820?
70
Let u = -11479 + 14199. What is the greatest common divisor of u and 120?
40
Suppose -3*p = v - 7 - 7, 12 = 4*p - 2*v. Suppose 17 = l + 5*x - 2*x, 2*x - p = 0. Suppose l*s - 288 = 5*s. Calculate the highest common divisor of s and 12.
12
Suppose 6*l + 2*l = -l. Suppose n + 4*y = -25, 4*n + l*y + 2*y + 44 = 0. Let p be 895/20 - n/(-12). What is the highest common factor of 22 and p?
22
Let p(b) = -b**2 + 18*b - 8. Let x be p(7). Let z(u) = -u**2 - 53*u - 547. Let m be z(-21). Let k = m - x. What is the highest common factor of 8 and k?
8
Suppose 16*l = 29*l + 260. Let z be ((-7)/2 + 42 + -49)*l. Let x(q) = 3*q**2 + q. Let m be x(-2). Calculate the highest common divisor of m and z.
10
Suppose 3*f + 153*j - 124 = 154*j, -5*j - 190 = -5*f. What is the highest common divisor of f and 17071?